 + -2862. Calculate the greatest common divisor of 25 and q.
5
Let a = 23699 - 23573. Let c = 28 - 1. What is the highest common divisor of a and c?
9
Let d be 7 + -6 - (2 + -197). Suppose 546 = 7*l + d. What is the greatest common divisor of 10 and l?
10
Suppose 4*y + 28*h - 23*h - 71266 = 0, 5*y - 89108 = -2*h. What is the highest common divisor of y and 64?
32
Let m(y) = -y**2 + y + 44. Let k be m(0). Suppose 0*h + 4*h = k. Let n be 11480/116 - 1/(-29). What is the greatest common factor of n and h?
11
Suppose 85*l = 84*l + 213. Suppose -4*j + 171 = -113. Calculate the highest common divisor of l and j.
71
Let z be (-8)/(-6) + 8/12. Let n = -1558 - -1612. Calculate the greatest common divisor of z and n.
2
Let h be (-84)/10*(-9)/2*(-90)/(-54). What is the greatest common divisor of 182 and h?
7
Suppose 4*j = 5*l + 395, -5*j - 46*l + 501 = -45*l. What is the greatest common factor of j and 332?
4
Let h = 35 - 15. Let s be ((-39)/6 + 3)/((-8)/80). Suppose 0 = 22*k - 123 + s. What is the greatest common divisor of k and h?
4
Let z = 11036 + -10649. What is the highest common factor of z and 144?
9
Suppose -350*s - 184 = -3348 - 3836. What is the highest common factor of s and 8620?
20
Let a be (3 + 0)/((-1)/(-13)). Suppose 2*w + 9123 = 9201. Calculate the highest common divisor of w and a.
39
Suppose 490425 = 45*c + 41730. Calculate the greatest common factor of 59 and c.
59
Let c = 76 - 7. Let r be (10/((-4550)/(-2445)) + (-252)/1092)/((-3)/(-322)). Calculate the highest common factor of c and r.
69
Let m be 2/(-1) + 5 + 4 + 3. Let z be (m - -1) + (2 - -2). Suppose z*g - 264 = -84. What is the greatest common factor of g and 36?
12
Suppose 4*r = -2*n + 1142, 11*n - 8*n = 4*r - 1167. Calculate the highest common divisor of 10224 and r.
144
Let g be (-24)/(-1428)*7 - 5757/(-51). What is the greatest common factor of g and 52093?
113
Suppose -10998 = 65*m - 70*m - 2*o, 0 = -4*m - 5*o + 8795. Calculate the greatest common factor of m and 88.
88
Let a = 158 - 93. Let n(d) = d**3 + 60*d**2 + 608*d + 13. Let m be n(-13). What is the greatest common divisor of a and m?
13
Suppose 2*q + 11 - 37 = 0. Let a be (q + -1)*(-4 - 41/(-4)). Calculate the greatest common divisor of a and 10.
5
Let y be 1 + ((-7)/(14/8) - -462). Suppose -457*s + y*s = 182. Calculate the highest common divisor of s and 39.
13
Let n be -3*((-172)/12 + 4). Suppose n*x = 7*x + 7392. What is the greatest common divisor of x and 28?
28
Let l be 2/(-6) + 70/21. Suppose -l*d + 20 - 11 = 0. Suppose 5*b - 110 = -h, -h + 476 = d*h + 2*b. What is the highest common divisor of 40 and h?
40
Let d(q) be the first derivative of -q**3/3 - 7*q**2/2 + 50*q - 336. Let m be d(-11). Suppose -8 + 0 = -2*w. What is the highest common divisor of w and m?
2
Suppose 116 = 2*p - 29*i + 27*i, -4*p + 222 = i. What is the highest common divisor of 126 and p?
14
Let n be (2 + -11 + 0)*-5. Let t be 332 + 6 + (-7 - (8 - 6)). Suppose -70 = -r - 5*j, 0 = 5*r - 3*j - t + 35. Calculate the greatest common factor of r and n.
15
Suppose 8 = -2*s, 8*s - 4192 = -o + 3*s. Calculate the greatest common divisor of o and 156.
156
Let h = 157 + -17. Let s = -118 + h. Calculate the greatest common divisor of 638 and s.
22
Let l = 463 - 463. Suppose -k + 1 + 22 = l. Calculate the highest common divisor of 23 and k.
23
Suppose -10*d - 69 = 13*d. Let k be d*14*((-200)/(-28) - 8). What is the highest common divisor of 81 and k?
9
Let p be 0 + 1 - (-31 - 4). Let i be (45/18)/(1/16). Let w be 1/(-5) + 488/i. What is the greatest common factor of p and w?
12
Let k = -67 + 89. Let x(l) be the second derivative of -l**4/12 + 23*l**3/6 - 3*l**2/2 - 9*l. Let b be x(k). What is the greatest common divisor of 209 and b?
19
Let r = -1221 + 1364. Let i be 10/4*(-130)/(-25). What is the greatest common divisor of r and i?
13
Let o(w) = w**2 - 3*w - 2. Let n be o(-7). Let h be (-2)/(-2)*(4*15 + 1). Let y = -44 + h. What is the greatest common factor of n and y?
17
Suppose n - 3*a = 148, a + 438 = 3*n - 22. What is the greatest common divisor of n and 176?
22
Let z be (588/6)/((-1)/1). Let p be (z/56)/(1/(-4)). Let g be (-564)/(-14) - 2/p. Calculate the greatest common factor of 100 and g.
20
Let o = 407 + -398. Let a be (o + -3)*(-295)/(-6). What is the highest common divisor of a and 5?
5
Suppose -2*r - 3*k = -3*r + 62, k = -4*r + 196. Let v = 139 + r. What is the highest common divisor of v and 126?
63
Let r(l) = 24*l. Let u be r(1). Let c(o) = o**3 - 6*o**2 + 4*o + 4. Let z be c(6). Let k = z - u. Calculate the greatest common divisor of 12 and k.
4
Let r = 44 - -11. Suppose 0 = 5*q - 4*k - 99, -2*q + 245*k = 248*k - 12. Calculate the highest common divisor of q and r.
5
Let w = 2814 + -2184. What is the greatest common divisor of 360 and w?
90
Suppose 40*i - 15 = 35*i. Suppose i = 4*b - 125. What is the highest common factor of b and 1?
1
Suppose -279754 = -4830*p - 62404. Let g = -11 - -20. Calculate the highest common factor of g and p.
9
Let f be 1896/32*(-8)/3 + -5. Let d = f - -196. Calculate the greatest common factor of 121 and d.
11
Let w(f) be the second derivative of -4*f + 1/6*f**3 + 0 + 5*f**2. Let j be w(14). What is the greatest common divisor of j and 24?
24
Let j(r) = 31*r**2 - 110*r + 820. Let p be j(8). What is the highest common divisor of 364 and p?
52
Let h = -420 + 422. Let u(s) = 6*s + 11 - s + 7*s - 9. Let p be u(1). What is the highest common factor of p and h?
2
Suppose o + 1091 = 4*j, 2*o = -5*j + 3*o + 1363. Suppose -496 = -85*b + 81*b. Suppose 6*u - j = b. Calculate the highest common factor of 44 and u.
22
Let m(s) = -s**2 + 2*s + 22. Let x = 148 + -151. Let u be m(x). What is the highest common divisor of u and 2?
1
Suppose -136 - 806 - 114 = -22*g. What is the highest common divisor of g and 2424?
24
Let v(k) = k**2 - 15*k - 37. Let d be v(17). Let a be -3 + 16 - (4 + d - 0). Let n be (16/20)/(1/5). Calculate the highest common divisor of n and a.
4
Suppose -2*o - 10 = 0, c = -2*c + 5*o + 850. Calculate the greatest common factor of 800 and c.
25
Let g(d) = 6*d**2 + 29*d + 225. Let n be g(15). Calculate the greatest common divisor of n and 50.
10
Let w = -36 - -135. Suppose -w = -5*h - 24. Calculate the highest common divisor of 6 and h.
3
Let a be (4/30*3)/(15221/2170 + -7). Calculate the highest common divisor of 931 and a.
7
Suppose 0 = -4*g + 4*s + 40, -7*g + 2*s - 22 = -12*g. Let b be 9/g + (-245)/(-10). Calculate the highest common factor of b and 6.
2
Suppose -17*o + 24*o = 0. Let k be 3027/9 + o - (-1)/(-3). Suppose -8*a + 210 = -3*a. Calculate the highest common factor of a and k.
42
Let a(n) = -10*n**2 - 10*n - 2*n**2 - n**3 - 30 - 8*n - 4*n**2. Let b be a(-15). Calculate the highest common factor of 120 and b.
15
Suppose 0 = -4*u + 2*r + 838, 3*u - 625 = -r + 6*r. Calculate the highest common divisor of 90 and u.
30
Suppose 456*b - 455*b + 6*c = 96, -b = -4*c + 34. Suppose 2*f - 35 - 111 = -q, -f - 431 = -3*q. What is the highest common factor of q and b?
18
Let f = 638 + -566. What is the highest common factor of f and 552?
24
Let r(w) = -185*w + 1836. Let g be r(8). What is the highest common divisor of 36 and g?
4
Suppose -125*m + 75577 + 18988 - 10065 = 0. What is the greatest common divisor of 988 and m?
52
Suppose 9*i = i - 2*i + 53950. What is the greatest common divisor of i and 65?
65
Suppose -g - 3*i + 24 = -2*i, 4*g - 117 = 3*i. Let s be 1/2 + 111*40/(-48). Let b = 70 - s. What is the highest common factor of g and b?
27
Let z be (0 - (2 - 1)) + 312/26. Let h(k) = k**3 - 7*k**2 - 45*k + 19. Let x be h(z). Calculate the highest common divisor of 24 and x.
8
Let d be (-1)/(6/(-190 + 4)). Let v be d/155 - 1169/(-5). Calculate the highest common factor of 26 and v.
26
Let d(u) = -2*u**3 + 4*u**2 + 30*u - 24. Let o be d(-5). Let w(i) = 5*i + 89. Let p be w(-9). What is the greatest common divisor of p and o?
44
Suppose -37*m + 39*m = -4*t + 16304, -5*m - 12215 = -3*t. Calculate the highest common divisor of t and 150.
25
Suppose 95 = 5*d + 5*b - 685, -5*d + 4*b + 816 = 0. What is the highest common factor of d and 1080?
40
Suppose 17709 + 6857 = 71*p. What is the greatest common factor of 4 and p?
2
Let g(n) = 6*n**2 - 10*n + 6. Let i be g(6). Suppose -17*f - 52 = -477. Let a be i/15*